{"id":154,"date":"2025-09-16T08:56:28","date_gmt":"2025-09-16T08:56:28","guid":{"rendered":"https:\/\/rocksolid.server.codeagentur.de\/?post_type=product&#038;p=154"},"modified":"2025-09-16T09:50:14","modified_gmt":"2025-09-16T09:50:14","slug":"sachverstaendigenbestaetigung","status":"publish","type":"product","link":"https:\/\/rocksolid.server.codeagentur.de\/index.php\/produkt\/sachverstaendigenbestaetigung\/","title":{"rendered":"Sachverst\u00e4ndigenbest\u00e4tigung"},"content":{"rendered":"        <div class=\"multistep-configurator\" data-product-id=\"154\" data-product-type=\"product-4\">\n            <div class=\"configurator-container\">\n                <div class=\"configurator-main\">\n                    <div class=\"step-indicator\">\n                        <div class=\"step active\" data-step=\"1\">\n                            <span class=\"step-number\">1<\/span>\n                            <span class=\"step-title\">Datei hochladen<\/span>\n                        <\/div>\n                        <div class=\"step\" data-step=\"2\">\n                            <span class=\"step-number\">2<\/span>\n                            <span class=\"step-title\">Zusammenfassung<\/span>\n                        <\/div>\n                    <\/div>\n                    \n                    <!-- Step 1: Datei Upload -->\n                    <div class=\"step-content step-1 active\">\n                        <div class=\"header-with-tooltip\">\n                            <h3>Dateien hochladen<\/h3>\n                            <div class=\"tooltip-container\">\n                                <button type=\"button\" class=\"tooltip-icon\">?<\/button>\n                                <div class=\"tooltip-popup\">\n                                    <button type=\"button\" class=\"tooltip-close\">&times;<\/button>\n                                    <div class=\"tooltip-content\">\n                                        <p>Laden Sie hier Ihre Dokumente f\u00fcr die Sachverst\u00e4ndigenbest\u00e4tigung hoch (PDF, JPG, PNG, DOC):<\/p>\n                                    <\/div>\n                                <\/div>\n                            <\/div>\n                        <\/div>\n                        \n                        <!-- Upload Requirements Accordion -->\n                        <div class=\"upload-info-accordion\">\n                            <div class=\"accordion-header\">\n                                <h4>Was soll hochgeladen werden?<\/h4>\n                                <span class=\"accordion-toggle\">+<\/span>\n                            <\/div>\n                            <div class=\"accordion-content\">\n                                <div class=\"accordion-inner\">\n                                    <div class=\"upload-requirements\">\n                                        <h5>Sachverst\u00e4ndigenbest\u00e4tigung<\/h5>\n                                        <h5>BEN\u00d6TIGTE UNTERLAGEN \/ ANGABEN \/ HINWEISE<\/h5>\n                                        \n                                        <div class=\"requirements-list\">\n                                            <ul>\n                                                <li>Laden Sie alle relevanten <strong>Dokumente<\/strong> f\u00fcr die Sachverst\u00e4ndigenbest\u00e4tigung hoch.<\/li>\n                                                <li>Akzeptierte Formate: <strong>PDF, JPG, JPEG, PNG, DOC, DOCX<\/strong><\/li>\n                                                <li>Maximale Dateigr\u00f6\u00dfe: <strong>10 MB pro Datei<\/strong><\/li>\n                                                <li>Sie k\u00f6nnen mehrere Dateien gleichzeitig hochladen.<\/li>\n                                            <\/ul>\n                                        <\/div>\n                                    <\/div>\n                                <\/div>\n                            <\/div>\n                        <\/div>\n                        \n                        <div class=\"multi-file-upload-container\">\n                            <!-- Upload Area -->\n                            <div class=\"file-upload-area\">\n                                <input type=\"file\" id=\"file-upload\" name=\"files[]\" multiple accept=\".pdf,.jpg,.jpeg,.png,.gif,.doc,.docx\">\n                                <div class=\"upload-placeholder\">\n                                    <div class=\"upload-icon\">\ud83d\udcc1<\/div>\n                                    <span>Dateien ausw\u00e4hlen oder hierher ziehen<\/span>\n                                    <small>Mehrere Dateien werden unterst\u00fctzt<\/small>\n                                    <div class=\"upload-limits\">\n                                        <small style=\"color: #666; margin-top: 5px; display: block;\">\n                                            <strong>Unterst\u00fctzte Formate:<\/strong> PDF, JPG, JPEG, PNG, GIF, DOC, DOCX<br>\n                                            <strong>Maximale Dateigr\u00f6\u00dfe:<\/strong> 10 MB pro Datei\n                                        <\/small>\n                                    <\/div>\n                                <\/div>\n                            <\/div>\n                            \n                            <!-- Uploaded Files List -->\n                            <div class=\"uploaded-files-container\">\n                                <h4>Hochgeladene Dateien:<\/h4>\n                                <div class=\"uploaded-files-list\" id=\"uploaded-files-list\">\n                                    <div class=\"no-files-message\">\n                                        <span>Noch keine Dateien hochgeladen<\/span>\n                                    <\/div>\n                                <\/div>\n                            <\/div>\n                        <\/div>\n                        \n                        <div class=\"step-buttons\">\n                            <button type=\"button\" class=\"btn btn-primary next-step\" data-next=\"2\">Weiter<\/button>\n                        <\/div>\n                    <\/div>\n                    \n                    <!-- Step 2: Zusammenfassung -->\n                    <div class=\"step-content step-2\">\n                        <h3>Zusammenfassung<\/h3>\n                        \n                        <div class=\"summary-section\">\n                            <h4>Produkt:<\/h4>\n                            <div id=\"form-summary-svb\">\n                                <p><strong>Sachverst\u00e4ndigenbest\u00e4tigung<\/strong><\/p>\n                                <p>Professionelle Bewertung und Best\u00e4tigung durch einen zertifizierten Sachverst\u00e4ndigen.<\/p>\n                            <\/div>\n                        <\/div>\n                        \n                        <div class=\"summary-section\">\n                            <h4>Hochgeladene Dateien:<\/h4>\n                            <div id=\"files-summary-svb\">\n                                <!-- Datei-\u00dcbersicht wird hier eingef\u00fcgt -->\n                            <\/div>\n                        <\/div>\n                        \n                        <div class=\"summary-section\">\n                            <h4>Gesamtpreis:<\/h4>\n                            <div class=\"total-price\" id=\"total-price-svb\">60,00 \u20ac<\/div>\n                        <\/div>\n                        \n                        <div class=\"step-buttons\">\n                            <button type=\"button\" class=\"btn btn-secondary prev-step\" data-prev=\"1\">Zur\u00fcck<\/button>\n                            <button type=\"button\" class=\"btn btn-success add-to-cart\">In den Warenkorb<\/button>\n                        <\/div>\n                    <\/div>\n                <\/div>\n                \n                <!-- Rechte Sidebar -->\n                <div class=\"configurator-sidebar\">\n                    <div class=\"sidebar-content\">\n                        <h4>Aktuelle Konfiguration<\/h4>\n                        <div class=\"current-selection\">\n                            <div class=\"selection-item\">\n                                <span class=\"selection-label\">Produkt:<\/span>\n                                <span class=\"selection-value\" data-field=\"product\">Sachverst\u00e4ndigenbest\u00e4tigung<\/span>\n                            <\/div>\n                            <div class=\"selection-item\">\n                                <span class=\"selection-label\">Status:<\/span>\n                                <span class=\"selection-value\" data-field=\"status\">Bereit zur Bestellung<\/span>\n                            <\/div>\n                        <\/div>\n                        \n                        <div class=\"price-summary\">\n                            <div class=\"price-breakdown\">\n                                <div class=\"price-item\">\n                                    <span class=\"price-label\">Sachverst\u00e4ndigenbest\u00e4tigung:<\/span>\n                                    <span class=\"price-value\">60,00 \u20ac<\/span>\n                                <\/div>\n                            <\/div>\n                            <div class=\"price-item total\">\n                                <span class=\"price-label\">Gesamtpreis:<\/span>\n                                <span class=\"price-value total-price\" id=\"total-price-sidebar-svb\">60,00 \u20ac<\/span>\n                            <\/div>\n                        <\/div>\n                    <\/div>\n                <\/div>\n            <\/div>\n            \n            <!-- Versteckte Felder f\u00fcr Formular -->\n            <form id=\"configurator-form\" method=\"post\" style=\"display: none;\">\n                <input type=\"hidden\" id=\"configurator_nonce\" name=\"configurator_nonce\" value=\"4c91fd43fe\" \/><input type=\"hidden\" name=\"_wp_http_referer\" value=\"\/index.php\/wp-json\/wp\/v2\/product\/154\" \/>                <input type=\"hidden\" name=\"add-to-cart\" value=\"154\">\n                <input type=\"hidden\" name=\"configurator_data\" value=\"\">\n                <input type=\"hidden\" name=\"configurator_price\" value=\"\">\n                <input type=\"hidden\" name=\"configurator_type\" value=\"product-4\">\n            <\/form>\n        <\/div>\n        \n        \n","protected":false},"excerpt":{"rendered":"","protected":false},"featured_media":0,"comment_status":"open","ping_status":"closed","template":"","meta":[],"product_brand":[],"product_cat":[15],"product_tag":[],"class_list":{"0":"post-154","1":"product","2":"type-product","3":"status-publish","5":"product_cat-unkategorisiert","7":"first","8":"instock","9":"shipping-taxable","10":"purchasable","11":"product-type-simple"},"yoast_head":"<!-- This site is optimized with the Yoast SEO plugin v25.3.1 - https:\/\/yoast.com\/wordpress\/plugins\/seo\/ -->\n<title>Sachverst\u00e4ndigenbest\u00e4tigung - Rocksolid<\/title>\n<meta name=\"robots\" content=\"noindex, follow, max-snippet:-1, max-image-preview:large, max-video-preview:-1\" \/>\n<meta property=\"og:locale\" content=\"de_DE\" \/>\n<meta property=\"og:type\" content=\"article\" \/>\n<meta property=\"og:title\" content=\"Sachverst\u00e4ndigenbest\u00e4tigung - Rocksolid\" \/>\n<meta property=\"og:url\" content=\"https:\/\/rocksolid.server.codeagentur.de\/index.php\/produkt\/sachverstaendigenbestaetigung\/\" \/>\n<meta property=\"og:site_name\" content=\"Rocksolid\" \/>\n<meta property=\"article:modified_time\" content=\"2025-09-16T09:50:14+00:00\" \/>\n<meta name=\"twitter:card\" content=\"summary_large_image\" \/>\n<meta name=\"twitter:label1\" content=\"Gesch\u00e4tzte Lesezeit\" \/>\n\t<meta name=\"twitter:data1\" content=\"1\u00a0Minute\" \/>\n<script type=\"application\/ld+json\" class=\"yoast-schema-graph\">{\"@context\":\"https:\/\/schema.org\",\"@graph\":[{\"@type\":\"WebPage\",\"@id\":\"https:\/\/rocksolid.server.codeagentur.de\/index.php\/produkt\/sachverstaendigenbestaetigung\/\",\"url\":\"https:\/\/rocksolid.server.codeagentur.de\/index.php\/produkt\/sachverstaendigenbestaetigung\/\",\"name\":\"Sachverst\u00e4ndigenbest\u00e4tigung - Rocksolid\",\"isPartOf\":{\"@id\":\"https:\/\/rocksolid.server.codeagentur.de\/#website\"},\"datePublished\":\"2025-09-16T08:56:28+00:00\",\"dateModified\":\"2025-09-16T09:50:14+00:00\",\"breadcrumb\":{\"@id\":\"https:\/\/rocksolid.server.codeagentur.de\/index.php\/produkt\/sachverstaendigenbestaetigung\/#breadcrumb\"},\"inLanguage\":\"de\",\"potentialAction\":[{\"@type\":\"ReadAction\",\"target\":[\"https:\/\/rocksolid.server.codeagentur.de\/index.php\/produkt\/sachverstaendigenbestaetigung\/\"]}]},{\"@type\":\"BreadcrumbList\",\"@id\":\"https:\/\/rocksolid.server.codeagentur.de\/index.php\/produkt\/sachverstaendigenbestaetigung\/#breadcrumb\",\"itemListElement\":[{\"@type\":\"ListItem\",\"position\":1,\"name\":\"Startseite\",\"item\":\"https:\/\/rocksolid.server.codeagentur.de\/\"},{\"@type\":\"ListItem\",\"position\":2,\"name\":\"Shop\",\"item\":\"https:\/\/rocksolid.server.codeagentur.de\/index.php\/shop\/\"},{\"@type\":\"ListItem\",\"position\":3,\"name\":\"Sachverst\u00e4ndigenbest\u00e4tigung\"}]},{\"@type\":\"WebSite\",\"@id\":\"https:\/\/rocksolid.server.codeagentur.de\/#website\",\"url\":\"https:\/\/rocksolid.server.codeagentur.de\/\",\"name\":\"Rocksolid\",\"description\":\"\",\"potentialAction\":[{\"@type\":\"SearchAction\",\"target\":{\"@type\":\"EntryPoint\",\"urlTemplate\":\"https:\/\/rocksolid.server.codeagentur.de\/?s={search_term_string}\"},\"query-input\":{\"@type\":\"PropertyValueSpecification\",\"valueRequired\":true,\"valueName\":\"search_term_string\"}}],\"inLanguage\":\"de\"}]}<\/script>\n<!-- \/ Yoast SEO plugin. -->","yoast_head_json":{"title":"Sachverst\u00e4ndigenbest\u00e4tigung - Rocksolid","robots":{"index":"noindex","follow":"follow","max-snippet":"max-snippet:-1","max-image-preview":"max-image-preview:large","max-video-preview":"max-video-preview:-1"},"og_locale":"de_DE","og_type":"article","og_title":"Sachverst\u00e4ndigenbest\u00e4tigung - Rocksolid","og_url":"https:\/\/rocksolid.server.codeagentur.de\/index.php\/produkt\/sachverstaendigenbestaetigung\/","og_site_name":"Rocksolid","article_modified_time":"2025-09-16T09:50:14+00:00","twitter_card":"summary_large_image","twitter_misc":{"Gesch\u00e4tzte Lesezeit":"1\u00a0Minute"},"schema":{"@context":"https:\/\/schema.org","@graph":[{"@type":"WebPage","@id":"https:\/\/rocksolid.server.codeagentur.de\/index.php\/produkt\/sachverstaendigenbestaetigung\/","url":"https:\/\/rocksolid.server.codeagentur.de\/index.php\/produkt\/sachverstaendigenbestaetigung\/","name":"Sachverst\u00e4ndigenbest\u00e4tigung - Rocksolid","isPartOf":{"@id":"https:\/\/rocksolid.server.codeagentur.de\/#website"},"datePublished":"2025-09-16T08:56:28+00:00","dateModified":"2025-09-16T09:50:14+00:00","breadcrumb":{"@id":"https:\/\/rocksolid.server.codeagentur.de\/index.php\/produkt\/sachverstaendigenbestaetigung\/#breadcrumb"},"inLanguage":"de","potentialAction":[{"@type":"ReadAction","target":["https:\/\/rocksolid.server.codeagentur.de\/index.php\/produkt\/sachverstaendigenbestaetigung\/"]}]},{"@type":"BreadcrumbList","@id":"https:\/\/rocksolid.server.codeagentur.de\/index.php\/produkt\/sachverstaendigenbestaetigung\/#breadcrumb","itemListElement":[{"@type":"ListItem","position":1,"name":"Startseite","item":"https:\/\/rocksolid.server.codeagentur.de\/"},{"@type":"ListItem","position":2,"name":"Shop","item":"https:\/\/rocksolid.server.codeagentur.de\/index.php\/shop\/"},{"@type":"ListItem","position":3,"name":"Sachverst\u00e4ndigenbest\u00e4tigung"}]},{"@type":"WebSite","@id":"https:\/\/rocksolid.server.codeagentur.de\/#website","url":"https:\/\/rocksolid.server.codeagentur.de\/","name":"Rocksolid","description":"","potentialAction":[{"@type":"SearchAction","target":{"@type":"EntryPoint","urlTemplate":"https:\/\/rocksolid.server.codeagentur.de\/?s={search_term_string}"},"query-input":{"@type":"PropertyValueSpecification","valueRequired":true,"valueName":"search_term_string"}}],"inLanguage":"de"}]}},"_links":{"self":[{"href":"https:\/\/rocksolid.server.codeagentur.de\/index.php\/wp-json\/wp\/v2\/product\/154","targetHints":{"allow":["GET"]}}],"collection":[{"href":"https:\/\/rocksolid.server.codeagentur.de\/index.php\/wp-json\/wp\/v2\/product"}],"about":[{"href":"https:\/\/rocksolid.server.codeagentur.de\/index.php\/wp-json\/wp\/v2\/types\/product"}],"replies":[{"embeddable":true,"href":"https:\/\/rocksolid.server.codeagentur.de\/index.php\/wp-json\/wp\/v2\/comments?post=154"}],"wp:attachment":[{"href":"https:\/\/rocksolid.server.codeagentur.de\/index.php\/wp-json\/wp\/v2\/media?parent=154"}],"wp:term":[{"taxonomy":"product_brand","embeddable":true,"href":"https:\/\/rocksolid.server.codeagentur.de\/index.php\/wp-json\/wp\/v2\/product_brand?post=154"},{"taxonomy":"product_cat","embeddable":true,"href":"https:\/\/rocksolid.server.codeagentur.de\/index.php\/wp-json\/wp\/v2\/product_cat?post=154"},{"taxonomy":"product_tag","embeddable":true,"href":"https:\/\/rocksolid.server.codeagentur.de\/index.php\/wp-json\/wp\/v2\/product_tag?post=154"}],"curies":[{"name":"wp","href":"https:\/\/api.w.org\/{rel}","templated":true}]}}